3 is divided by y.
17
Let x be (-88)/(-14) + 16/(-56). Let q be 40/x*(-18)/15. Let v(l) = -l**2 - 9*l + 4. What is the remainder when 35 is divided by v(q)?
11
Suppose 66 = 4*q - 2*l - l, 2*q = 2*l + 32. What is the remainder when 70 is divided by q?
16
Let i = 19 + -8. What is the remainder when 2/(-9) + (-760)/(-18) is divided by i?
9
Let p(l) = 3*l + 2. Let s = -16 - -35. Suppose -4*t - s = -107. What is the remainder when t is divided by p(2)?
6
Let r(w) = -2*w**2 + 2*w - 1. Let i be r(2). Let t(q) = q**3 + 6*q**2 - 2*q - 7. Calculate the remainder when t(i) is divided by 10.
8
Let o(r) = 2*r - 2*r**2 - 2 - 5*r + 3*r**2. Calculate the remainder when 6 is divided by o(4).
0
Suppose -3*j + 25 = -59. What is the remainder when j is divided by 6?
4
Suppose -3*g = -17 + 2. Suppose -g*a + 95 = -4*a. Suppose -3 = 3*b, 4*b + a = 4*m + b. What is the remainder when m is divided by 12?
11
Let g = 4 + -2. Suppose 0*l + 4 = g*l. Suppose 20 = 2*u + 2*k, l = u - 2*k - 2. Calculate the remainder when u is divided by 3.
2
Suppose -4*j = q - 29, j - 3*q = 6*j - 45. Calculate the remainder when (-4)/(-1*(-4)/(-10)) is divided by j.
4
Suppose 8*s - 12*s + 32 = 0. Calculate the remainder when 55 is divided by s.
7
Let y(n) = n**3 - 5*n**2 + 3*n + 1. Suppose 0 = 3*u + 2*u. Suppose -3*m + 15 = -u*m. Calculate the remainder when y(m) is divided by 6.
4
Let u = 3 + 0. Let r be (3/2)/(3/(-52)). Let i = -18 - r. What is the remainder when i is divided by u?
2
Let z = 60 - 17. Let u(i) = i**3 + 3*i**2 - 5*i - 6. Let n be u(-4). Calculate the remainder when z is divided by 1 + n - (-32)/2.
13
Let u = 10 - 0. What is the remainder when 19 is divided by u?
9
Let y = 3 + 0. Suppose 72 = y*x - 18. What is the remainder when x is divided by 8?
6
Suppose -30*x = -22*x - 776. Calculate the remainder when x is divided by 25.
22
Suppose 0*w = -4*w + 40. Let t(q) = -q**2 + 9*q - 8. Let a be t(9). What is the remainder when 2*1*(-76)/a is divided by w?
9
Suppose 4*x - 3 = 9. Suppose -n + 0 + 15 = -5*o, -n - 5 = 5*o. What is the remainder when -3*2*(-4)/x is divided by n?
3
Let f be (1 - 1)*(-1)/2. Let j(i) = -i**3 - i**2 - i + 10. Let a = -5 + 9. Calculate the remainder when j(f) is divided by a.
2
Let f = -7 + 7. Suppose o = -2*q + 40, -q - 6 + 2 = f. Calculate the remainder when o is divided by 25/1*(1 - 0).
23
Let b be -15*(2 - (-42)/(-15)). Let f = b + -7. Let d = -14 - -28. Calculate the remainder when d is divided by f.
4
Let h = 2 + -6. Let f = h - -4. Suppose -4*n + g + 147 = 0, n - 21 + f = -5*g. Calculate the remainder when n is divided by 19.
17
Suppose 7*g = 3*g + w + 52, 5*w + 68 = 4*g. Let d(i) = 7*i - 5. What is the remainder when d(4) is divided by g?
11
Let b = -38 + 27. Let v = b - -15. Calculate the remainder when 5 is divided by v.
1
What is the remainder when 162/5 - 9/(-15) is divided by 17?
16
Suppose 4*p - 8 = 0, -6*p = -2*f - p + 4. What is the remainder when 19 is divided by f?
5
Suppose 5*n + 19 + 11 = 0. Let f be (-3)/n - (-5)/2. Suppose u - f*u = -32. What is the remainder when 31 is divided by u?
15
Let a = -109 + 144. What is the remainder when a is divided by 10?
5
Let k = -41 - -23. Let f = 3 - -2. Calculate the remainder when (-4)/k - 115/(-9) is divided by f.
3
Suppose 0 = -2*w - 3*s + 43, 61 = 4*w - 2*s + 15. What is the remainder when 39 is divided by w?
11
Suppose -2*t + 4 = -0*t. Let a be 2/(0 + (2 - 1)). Suppose -5*c = a - 12. Calculate the remainder when t is divided by c.
0
Suppose u - 106 = -3*j - 3*u, 5*j = -3*u + 173. Suppose 2*i = -3 - 1. Calculate the remainder when j is divided by (-258)/(-21) + i/7.
10
Suppose 0*r + 3 = r. Suppose 3*l + r*u + 0*u - 108 = 0, 3*u + 87 = 2*l. Suppose 2*j = 0, 2*y + 3*j - 40 = -2*y. What is the remainder when l is divided by y?
9
Suppose 2*a + 2*a - 8 = 0. Let k = 10 - 10. Suppose k = -a*g + 6*g - 148. What is the remainder when g is divided by 10?
7
Let m be 8/3*3/2. Suppose -66 = z - m*z. Suppose -14 = 5*r - 44. Calculate the remainder when z is divided by r.
4
Calculate the remainder when 57 is divided by 3/(-2)*290/(-15).
28
Suppose -1 + 31 = m. Calculate the remainder when m is divided by 16.
14
Let h = -28 - -49. Let y = 10 - -3. What is the remainder when h is divided by (y + -14)*(-1 + -10)?
10
Suppose u + 2*y = -87, 0 = -3*y + 1 + 14. Let r be u/(-2) - 6/12. Let t = r - 33. Calculate the remainder when 44 is divided by t.
14
Suppose 0 = -2*j - 2, d - 2*j + 55 = -7*j. What is the remainder when 7/(-7) - d*1 is divided by 13?
10
Suppose -4*d = -0 + 4, -3*u + 316 = 5*d. What is the remainder when u is divided by 12?
11
Suppose 2*x + 0 - 56 = 0. Suppose -3*h + 15 = 36. Let n = 22 + h. What is the remainder when x is divided by n?
13
Let x = 4 + 11. Let u(c) = 10*c + 3. Let y be u(4). Suppose -3*a + v = -79, -5*v + y = a - 2*v. What is the remainder when a is divided by x?
13
Suppose 6*f - 5*f - 23 = 3*s, -4*f + 20 = -4*s. Calculate the remainder when 34 is divided by ((-12)/s)/((-4)/(-54)).
16
Suppose 0 = 3*l - 3*b - 156, 5*l - 262 = 3*b - 0*b. What is the remainder when l is divided by 18?
17
Suppose r - 3*h = -2*r + 6, -4*h - 4 = 0. Suppose -5*s + 29 = -r. What is the remainder when 23 is divided by s?
5
Let l be 4/(8/3)*-2. Let r be (-1)/(-1 + l/(-6)). What is the remainder when 6 is divided by -4*(r - 1)*-1?
2
Calculate the remainder when 54 is divided by (-115)/(-4) + 2/8.
25
Suppose 0 = -4*b + g - 5, b + 0*b - 4 = 2*g. Let j = b + 5. Calculate the remainder when 8 is divided by j.
2
Suppose -4 = 4*c + j - 1, 5*j = -4*c - 15. Suppose c = 5*h - 102 - 103. Calculate the remainder when h is divided by 21.
20
Suppose 2*l + 2*g - 16 = 0, 4*l - 5*l + 4*g = -13. Calculate the remainder when 33 is divided by l.
6
Suppose -2*s + 4*j = -48, 0 = s - 6*s + 4*j + 90. Suppose 4*b - 6 = s. Calculate the remainder when ((-2)/3)/(5/(-60)) is divided by b.
3
What is the remainder when 17 is divided by 7 - 12/(-16)*-4?
1
Suppose 8*c + 48 = 14*c. What is the remainder when 14 is divided by c?
6
Suppose -p + 0*p + 2 = 0. Calculate the remainder when (-2 + 37)/1 - p is divided by 9.
6
Suppose 6*o - 2*o = 12. Suppose 36 = o*c + c. What is the remainder when 26 is divided by c?
8
Let i = -89 + 128. Let d = -20 + i. What is the remainder when d is divided by 10?
9
Suppose 2*f - 5*f = 9, 0 = -4*u + f + 39. Suppose 4*o + 0*x = x + 60, 0 = -3*x + 12. What is the remainder when o is divided by u?
7
Let r be 44 - (-3 - 1)/4. Let q = r + -18. Calculate the remainder when 106 is divided by q.
25
Let l = -71 - -266. Calculate the remainder when l is divided by 33.
30
Let v(d) = 4*d - 15. Let q(b) = b**3 - 6*b**2 + 3*b - 5. What is the remainder when v(10) is divided by q(6)?
12
Let a = 24 - 17. Let u = 12 - a. Calculate the remainder when u is divided by 3.
2
Suppose 3*r - 104 = -r. Suppose -3 + 1 = -x. Let g(j) = 3*j**2 + 2. Calculate the remainder when r is divided by g(x).
12
Let o(h) = 2*h**2 + 3*h - 1. Calculate the remainder when o(5) is divided by 22.
20
Suppose -3*c - r + 52 = 0, -5*c - 4*r = -7*r - 82. Suppose 3 = -0*v - 3*v. Let t(l) = -6*l. Calculate the remainder when c is divided by t(v).
5
Let x = 6 - -2. Suppose 0 = -3*d + 4*q - 0 - 1, -3*q = 4*d - 32. Suppose x = d*t - 3*t. Calculate the remainder when 11 is divided by t.
3
Suppose -a + 45 = 2*y, 4*a - 173 = -4*y - 1. What is the remainder when a is divided by 14?
13
Let v(y) = -2*y**2 - 1. Suppose -3*z = -t - 4*z - 2, -3*t - 6 = 2*z. Let k be v(t). Let h(m) = -m + 6. Calculate the remainder when 43 is divided by h(k).
13
What is the remainder when 12 is divided by 10/(-1)*3/(-6)?
2
Suppose -3*z + 3*q + 21 = 0, -3*z = -2*q + 3*q - 5. Calculate the remainder when 21 is divided by z.
0
Let y be -2*(-3 - 21/(-6)). Let c = y - -3. Let v(u) = u**3 - 2*u**2 + 2*u + 1. What is the remainder when 8 is divided by v(c)?
3
Suppose -4*n = -21 - 183. Suppose 5*l + x - n = -14, 0 = -4*x + 8. Calculate the remainder when l is divided by 3.
1
Suppose -4*s = -3*s + 2. Let t be (5/(5/s))/1. Calculate the remainder when ((-7)/(-2))/((-1)/t) is divided by 3.
1
Let x(o) = o**3 + o**2 - 11*o - 4. What is the remainder when x(-3) is divided by 7?
4
Let i be -2 + -2 + 6 + 1. What is the remainder when (10/i)/(1/12) is divided by 21?
19
Let w(u) = 196*u**2 - u + 1. Let s be w(